{"id":7,"date":"2026-04-01T16:43:27","date_gmt":"2026-04-01T20:43:27","guid":{"rendered":"https:\/\/ginkoresto.com\/?page_id=7"},"modified":"2026-04-24T11:10:06","modified_gmt":"2026-04-24T15:10:06","slug":"accueil","status":"publish","type":"page","link":"https:\/\/ginkoresto.com\/","title":{"rendered":"Accueil"},"content":{"rendered":"\t\t<div data-elementor-type=\"wp-post\" data-elementor-id=\"7\" class=\"elementor elementor-7\" data-elementor-post-type=\"page\">\n\t\t\t\t<div class=\"elementor-element elementor-element-ff56a8a e-con-full e-flex e-con e-parent\" data-id=\"ff56a8a\" data-element_type=\"container\" data-e-type=\"container\" id=\"hero\" data-settings=\"{&quot;background_background&quot;:&quot;classic&quot;}\">\n\t\t<div class=\"elementor-element elementor-element-01b5f9f e-con-full e-flex e-con e-child\" data-id=\"01b5f9f\" data-element_type=\"container\" data-e-type=\"container\" data-settings=\"{&quot;background_background&quot;:&quot;classic&quot;}\">\n\t\t\t\t\t\t\t<h2 \n\t\tdata-interaction-id=\"4398f7b\" \n\t\tclass=\"e-4398f7b-f34b04d e-heading-base\" \n\t\t \n\t\tdata-e-type=\"widget\" data-id=\"4398f7b\"\n\t>\n\t\n\t\t\tBienvenue au \n\t\t<\/h2>\n\t\t\t\t\t\t\t<h2 \n\t\tdata-interaction-id=\"18f74f8\" \n\t\tclass=\"e-18f74f8-44ffece e-heading-base\" \n\t\t \n\t\tdata-e-type=\"widget\" data-id=\"18f74f8\"\n\t>\n\t\n\t\t\t<a target=\"_blank\" href=\"https:\/\/grandroyalwolinak.com\/wp-content\/uploads\/2026\/03\/Formulaire-Revocation-LGRW-FINAL.pdf\">Ginko Resto Bar<\/a>\n\t\t<\/h2>\n\t\t\t\t<\/div>\n\t\t\t\t<\/div>\n\t\t<div class=\"elementor-element elementor-element-125a05b menu e-flex e-con-boxed e-con e-parent\" data-id=\"125a05b\" data-element_type=\"container\" data-e-type=\"container\">\n\t\t\t\t\t<div class=\"e-con-inner\">\n\t\t<div class=\"elementor-element elementor-element-1f521bc e-con-full e-flex e-con e-child\" data-id=\"1f521bc\" data-element_type=\"container\" data-e-type=\"container\">\n\t\t\t\t<div class=\"elementor-element elementor-element-c922840 elementor-align-justify elementor-widget__width-initial elementor-widget elementor-widget-button\" data-id=\"c922840\" data-element_type=\"widget\" data-e-type=\"widget\" data-widget_type=\"button.default\">\n\t\t\t\t\t\t\t\t\t\t<a class=\"elementor-button elementor-button-link elementor-size-sm\" href=\"https:\/\/ginkoresto.com\/?page_id=318\">\n\t\t\t\t\t\t<span class=\"elementor-button-content-wrapper\">\n\t\t\t\t\t\t\t\t\t<span class=\"elementor-button-text\">Menu<\/span>\n\t\t\t\t\t<\/span>\n\t\t\t\t\t<\/a>\n\t\t\t\t\t\t\t\t<\/div>\n\t\t\t\t<div class=\"elementor-element elementor-element-0b8d32a elementor-align-justify elementor-widget__width-initial elementor-widget elementor-widget-button\" data-id=\"0b8d32a\" data-element_type=\"widget\" data-e-type=\"widget\" data-widget_type=\"button.default\">\n\t\t\t\t\t\t\t\t\t\t<a class=\"elementor-button elementor-button-link elementor-size-sm\" href=\"https:\/\/ginkoresto.com\/?page_id=346\">\n\t\t\t\t\t\t<span class=\"elementor-button-content-wrapper\">\n\t\t\t\t\t\t\t\t\t<span class=\"elementor-button-text\">Carte des alcools<\/span>\n\t\t\t\t\t<\/span>\n\t\t\t\t\t<\/a>\n\t\t\t\t\t\t\t\t<\/div>\n\t\t\t\t<\/div>\n\t\t\t\t\t<\/div>\n\t\t\t\t<\/div>\n\t\t<div class=\"elementor-element elementor-element-cc5c880 e-flex e-con-boxed e-con e-parent\" data-id=\"cc5c880\" data-element_type=\"container\" data-e-type=\"container\" id=\"about\" data-settings=\"{&quot;background_background&quot;:&quot;classic&quot;}\">\n\t\t\t\t\t<div class=\"e-con-inner\">\n\t\t\t\t\t\t\t\n\t\t<img class=\"e-image-base e-b6b15ba-6d1178c\" \n\t\t\t\t\tdata-interaction-id=\"b6b15ba\" \n\t\t \n\t\t data-e-type=\"widget\" data-id=\"b6b15ba\"\n\t\t\t\t\t\t\t\t\tid=\"96\"\n\t\t\t\t\t\t\t\t\t\t\t\tsrc=\"https:\/\/ginkoresto.com\/wp-content\/uploads\/2026\/04\/resto_photo-13.jpg\"\n\t\t\t\t\t\t\t\t\t\t\t\twidth=\"1920\"\n\t\t\t\t\t\t\t\t\t\t\t\theight=\"1280\"\n\t\t\t\t\t\t\t\t\t\t\t\tsrcset=\"https:\/\/ginkoresto.com\/wp-content\/uploads\/2026\/04\/resto_photo-13.jpg 1920w, https:\/\/ginkoresto.com\/wp-content\/uploads\/2026\/04\/resto_photo-13-300x200.jpg 300w, https:\/\/ginkoresto.com\/wp-content\/uploads\/2026\/04\/resto_photo-13-1024x683.jpg 1024w, https:\/\/ginkoresto.com\/wp-content\/uploads\/2026\/04\/resto_photo-13-768x512.jpg 768w, https:\/\/ginkoresto.com\/wp-content\/uploads\/2026\/04\/resto_photo-13-1536x1024.jpg 1536w\"\n\t\t\t\t\t\t\t\t\t\t\t\talt=\"\"\n\t\t\t\t\t\t\/>\n\t\t\t<div class=\"elementor-element elementor-element-22c75e1 e-con-full e-flex e-con e-child\" data-id=\"22c75e1\" data-element_type=\"container\" data-e-type=\"container\">\n\t\t<div class=\"elementor-element elementor-element-e079084 e-con-full e-flex e-con e-child\" data-id=\"e079084\" data-element_type=\"container\" data-e-type=\"container\" data-settings=\"{&quot;background_background&quot;:&quot;classic&quot;}\">\n\t\t\t\t\t\t\t<h2 \n\t\tdata-interaction-id=\"4f94829\" \n\t\tclass=\"e-4f94829-f98ffbb e-heading-base\" \n\t\t \n\t\tdata-e-type=\"widget\" data-id=\"4f94829\"\n\t>\n\t\n\t\t\tESTD. 2022\n\t\t<\/h2>\n\t\t\t\t\t\t\t<h2 \n\t\tdata-interaction-id=\"4fc8ac1\" \n\t\tclass=\"e-4fc8ac1-e828034 e-heading-base\" \n\t\t \n\t\tdata-e-type=\"widget\" data-id=\"4fc8ac1\"\n\t>\n\t\n\t\t\tLe Ginko Resto Bar\n\t\t<\/h2>\n\t\t\t\t<\/div>\n\t\t<div class=\"elementor-element elementor-element-b339022 e-con-full e-flex e-con e-child\" data-id=\"b339022\" data-element_type=\"container\" data-e-type=\"container\" data-settings=\"{&quot;background_background&quot;:&quot;classic&quot;}\">\n\t\t\t\t\t\t\t\t<p class=\"e-9c71a90-39c29d5 e-paragraph-base\" data-interaction-id=\"9c71a90\"  data-e-type=\"widget\" data-id=\"9c71a90\">\n\t\t\t\t\t\t\t\tSitu\u00e9 \u00e0 l\u2019\u00e9tage du <strong id=\"e-moab40fa-v1do7ls\">Grand Royal W\u00f4linak, le Ginko Resto Bar<\/strong> vous offre une exp\u00e9rience gustative enivrante vous permettant de vous impr\u00e9gner du d\u00e9cor \u00e9l\u00e9gant et de l\u2019ambiance exaltante du casino. La carte de notre restaurant \u00e0 th\u00e8me franco-italien-m\u00e9diterran\u00e9en regorge de plats gastronomiques concoct\u00e9s par notre chef renomm\u00e9. Prenez une pause et offrez-vous un moment m\u00e9morable pour le plus grand plaisir de votre palais!\n\t\t\t\t\t<\/p>\n\t\t\t\t<\/div>\n\t\t\t\t<\/div>\n\t\t\t\t\t<\/div>\n\t\t\t\t<\/div>\n\t\t<div class=\"elementor-element elementor-element-807035f e-flex e-con-boxed e-con e-parent\" data-id=\"807035f\" data-element_type=\"container\" data-e-type=\"container\" data-settings=\"{&quot;background_background&quot;:&quot;classic&quot;}\">\n\t\t\t\t\t<div class=\"e-con-inner\">\n\t\t<div class=\"elementor-element elementor-element-3334858 e-con-full e-flex e-con e-child\" data-id=\"3334858\" data-element_type=\"container\" data-e-type=\"container\">\n\t\t<div class=\"elementor-element elementor-element-1ecfd61 e-con-full e-flex e-con e-child\" data-id=\"1ecfd61\" data-element_type=\"container\" data-e-type=\"container\">\n\t\t\t\t\t\t\t<h2 \n\t\tdata-interaction-id=\"269e031\" \n\t\tclass=\"e-269e031-86ceedd e-heading-base\" \n\t\t \n\t\tdata-e-type=\"widget\" data-id=\"269e031\"\n\t>\n\t\n\t\t\t<strong>Notre menu<\/strong>\n\t\t<\/h2>\n\t\t\t\t\t\t\t\t<p class=\"e-5f5428a-26ed0b8 e-5f5428a-26ed0b8 e-paragraph-base\" data-interaction-id=\"5f5428a\"  data-e-type=\"widget\" data-id=\"5f5428a\">\n\t\t\t\t\t\t\t\t<strong>Les ingr\u00e9dients les plus frais<\/strong><br>Nous sommes inflexibles sur la bonne nourriture que nous vous servons. Nous avons b\u00e2ti notre succ\u00e8s sur la pr\u00e9paration de nos repas, en utilisant uniquement les meilleurs ingr\u00e9dients, jour apr\u00e8s jour.\n\t\t\t\t\t<\/p>\n\t\t\t\t<\/div>\n\t\t<div class=\"elementor-element elementor-element-a36ce54 e-con-full e-flex e-con e-child\" data-id=\"a36ce54\" data-element_type=\"container\" data-e-type=\"container\">\n\t\t\t\t\t\t\t<h2 \n\t\tdata-interaction-id=\"cd0e80a\" \n\t\tclass=\"e-cd0e80a-253b030 e-heading-base\" \n\t\t \n\t\tdata-e-type=\"widget\" data-id=\"cd0e80a\"\n\t>\n\t\n\t\t\t<strong>Nos cocktails<\/strong><br>\n\t\t<\/h2>\n\t\t\t\t\t\t\t\t<p class=\"e-52e97b3-d0c4ca8 e-52e97b3-d0c4ca8 e-paragraph-base\" data-interaction-id=\"52e97b3\"  data-e-type=\"widget\" data-id=\"52e97b3\">\n\t\t\t\t\t\t\t\t<strong>Cocktails de sp\u00e9cialit\u00e9 au Whisky raffin\u00e9s<\/strong><br>\u00catre cr\u00e9atif fait partie de tout ce que nous faisons, y compris notre nouvelle gamme de cocktails signature. Nous avons revisit\u00e9 certains des plus grands classiques, en y ajoutant notre touche sp\u00e9ciale et moderne.\n\t\t\t\t\t<\/p>\n\t\t\t\t<\/div>\n\t\t\t\t<\/div>\n\t\t\t\t\t\n<hr class=\"e-1c7a9b7-f4de027 e-divider-base\" data-interaction-id=\"1c7a9b7\"  data-e-type=\"widget\" data-id=\"1c7a9b7\" \/>\n\t\t\t\t\t<\/div>\n\t\t\t\t<\/div>\n\t\t<div class=\"elementor-element elementor-element-c19537e e-flex e-con-boxed e-con e-parent\" data-id=\"c19537e\" data-element_type=\"container\" data-e-type=\"container\" data-settings=\"{&quot;background_background&quot;:&quot;classic&quot;}\">\n\t\t\t\t\t<div class=\"e-con-inner\">\n\t\t<div class=\"elementor-element elementor-element-94529ef e-grid e-con-full e-con e-child\" data-id=\"94529ef\" data-element_type=\"container\" data-e-type=\"container\">\n\t\t\t\t<div class=\"elementor-element elementor-element-d742054 elementor-widget elementor-widget-image\" data-id=\"d742054\" data-element_type=\"widget\" data-e-type=\"widget\" data-widget_type=\"image.default\">\n\t\t\t\t\t\t\t\t\t\t\t\t\t\t\t<img fetchpriority=\"high\" decoding=\"async\" width=\"800\" height=\"534\" src=\"https:\/\/ginkoresto.com\/wp-content\/uploads\/2026\/04\/adobe-era_222-076-1024x683.jpg\" class=\"attachment-large size-large wp-image-249\" alt=\"\" srcset=\"https:\/\/ginkoresto.com\/wp-content\/uploads\/2026\/04\/adobe-era_222-076-1024x683.jpg 1024w, https:\/\/ginkoresto.com\/wp-content\/uploads\/2026\/04\/adobe-era_222-076-300x200.jpg 300w, https:\/\/ginkoresto.com\/wp-content\/uploads\/2026\/04\/adobe-era_222-076-768x512.jpg 768w, https:\/\/ginkoresto.com\/wp-content\/uploads\/2026\/04\/adobe-era_222-076-1536x1024.jpg 1536w, https:\/\/ginkoresto.com\/wp-content\/uploads\/2026\/04\/adobe-era_222-076.jpg 1920w\" sizes=\"(max-width: 800px) 100vw, 800px\" \/>\t\t\t\t\t\t\t\t\t\t\t\t\t\t\t<\/div>\n\t\t\t\t<div class=\"elementor-element elementor-element-f3d3b8f elementor-widget elementor-widget-image\" data-id=\"f3d3b8f\" data-element_type=\"widget\" data-e-type=\"widget\" data-widget_type=\"image.default\">\n\t\t\t\t\t\t\t\t\t\t\t\t\t\t\t<img decoding=\"async\" width=\"800\" height=\"534\" src=\"https:\/\/ginkoresto.com\/wp-content\/uploads\/2026\/04\/adobe-era_222-012-1024x683.jpg\" class=\"attachment-large size-large wp-image-275\" alt=\"\" srcset=\"https:\/\/ginkoresto.com\/wp-content\/uploads\/2026\/04\/adobe-era_222-012-1024x683.jpg 1024w, https:\/\/ginkoresto.com\/wp-content\/uploads\/2026\/04\/adobe-era_222-012-300x200.jpg 300w, https:\/\/ginkoresto.com\/wp-content\/uploads\/2026\/04\/adobe-era_222-012-768x512.jpg 768w, https:\/\/ginkoresto.com\/wp-content\/uploads\/2026\/04\/adobe-era_222-012-1536x1024.jpg 1536w, https:\/\/ginkoresto.com\/wp-content\/uploads\/2026\/04\/adobe-era_222-012.jpg 1920w\" sizes=\"(max-width: 800px) 100vw, 800px\" \/>\t\t\t\t\t\t\t\t\t\t\t\t\t\t\t<\/div>\n\t\t\t\t<div class=\"elementor-element elementor-element-22a49fe elementor-widget elementor-widget-image\" data-id=\"22a49fe\" data-element_type=\"widget\" data-e-type=\"widget\" data-widget_type=\"image.default\">\n\t\t\t\t\t\t\t\t\t\t\t\t\t\t\t<img decoding=\"async\" width=\"800\" height=\"516\" src=\"https:\/\/ginkoresto.com\/wp-content\/uploads\/2026\/04\/risotto_bar-1024x660.jpg\" class=\"attachment-large size-large wp-image-267\" alt=\"\" srcset=\"https:\/\/ginkoresto.com\/wp-content\/uploads\/2026\/04\/risotto_bar-1024x660.jpg 1024w, https:\/\/ginkoresto.com\/wp-content\/uploads\/2026\/04\/risotto_bar-300x193.jpg 300w, https:\/\/ginkoresto.com\/wp-content\/uploads\/2026\/04\/risotto_bar-768x495.jpg 768w, https:\/\/ginkoresto.com\/wp-content\/uploads\/2026\/04\/risotto_bar-1536x990.jpg 1536w, https:\/\/ginkoresto.com\/wp-content\/uploads\/2026\/04\/risotto_bar.jpg 2048w\" sizes=\"(max-width: 800px) 100vw, 800px\" \/>\t\t\t\t\t\t\t\t\t\t\t\t\t\t\t<\/div>\n\t\t\t\t<div class=\"elementor-element elementor-element-13c1f43 elementor-widget elementor-widget-image\" data-id=\"13c1f43\" data-element_type=\"widget\" data-e-type=\"widget\" data-widget_type=\"image.default\">\n\t\t\t\t\t\t\t\t\t\t\t\t\t\t\t<img loading=\"lazy\" decoding=\"async\" width=\"800\" height=\"534\" src=\"https:\/\/ginkoresto.com\/wp-content\/uploads\/2026\/04\/porc_salleamanger-1024x683.jpg\" class=\"attachment-large size-large wp-image-266\" alt=\"\" srcset=\"https:\/\/ginkoresto.com\/wp-content\/uploads\/2026\/04\/porc_salleamanger-1024x683.jpg 1024w, https:\/\/ginkoresto.com\/wp-content\/uploads\/2026\/04\/porc_salleamanger-300x200.jpg 300w, https:\/\/ginkoresto.com\/wp-content\/uploads\/2026\/04\/porc_salleamanger-768x512.jpg 768w, https:\/\/ginkoresto.com\/wp-content\/uploads\/2026\/04\/porc_salleamanger-1536x1024.jpg 1536w, https:\/\/ginkoresto.com\/wp-content\/uploads\/2026\/04\/porc_salleamanger.jpg 2048w\" sizes=\"(max-width: 800px) 100vw, 800px\" \/>\t\t\t\t\t\t\t\t\t\t\t\t\t\t\t<\/div>\n\t\t\t\t<div class=\"elementor-element elementor-element-69f1c17 elementor-widget elementor-widget-image\" data-id=\"69f1c17\" data-element_type=\"widget\" data-e-type=\"widget\" data-widget_type=\"image.default\">\n\t\t\t\t\t\t\t\t\t\t\t\t\t\t\t<img loading=\"lazy\" decoding=\"async\" width=\"800\" height=\"534\" src=\"https:\/\/ginkoresto.com\/wp-content\/uploads\/2026\/04\/perogi_close-1024x683.jpg\" class=\"attachment-large size-large wp-image-265\" alt=\"\" srcset=\"https:\/\/ginkoresto.com\/wp-content\/uploads\/2026\/04\/perogi_close-1024x683.jpg 1024w, https:\/\/ginkoresto.com\/wp-content\/uploads\/2026\/04\/perogi_close-300x200.jpg 300w, https:\/\/ginkoresto.com\/wp-content\/uploads\/2026\/04\/perogi_close-768x512.jpg 768w, https:\/\/ginkoresto.com\/wp-content\/uploads\/2026\/04\/perogi_close-1536x1024.jpg 1536w, https:\/\/ginkoresto.com\/wp-content\/uploads\/2026\/04\/perogi_close.jpg 2048w\" sizes=\"(max-width: 800px) 100vw, 800px\" \/>\t\t\t\t\t\t\t\t\t\t\t\t\t\t\t<\/div>\n\t\t\t\t<div class=\"elementor-element elementor-element-cce5f0d elementor-widget elementor-widget-image\" data-id=\"cce5f0d\" data-element_type=\"widget\" data-e-type=\"widget\" data-widget_type=\"image.default\">\n\t\t\t\t\t\t\t\t\t\t\t\t\t\t\t<img loading=\"lazy\" decoding=\"async\" width=\"800\" height=\"534\" src=\"https:\/\/ginkoresto.com\/wp-content\/uploads\/2026\/04\/resto_photo-14-1024x683.jpg\" class=\"attachment-large size-large wp-image-97\" alt=\"\" srcset=\"https:\/\/ginkoresto.com\/wp-content\/uploads\/2026\/04\/resto_photo-14-1024x683.jpg 1024w, https:\/\/ginkoresto.com\/wp-content\/uploads\/2026\/04\/resto_photo-14-300x200.jpg 300w, https:\/\/ginkoresto.com\/wp-content\/uploads\/2026\/04\/resto_photo-14-768x512.jpg 768w, https:\/\/ginkoresto.com\/wp-content\/uploads\/2026\/04\/resto_photo-14-1536x1024.jpg 1536w, https:\/\/ginkoresto.com\/wp-content\/uploads\/2026\/04\/resto_photo-14.jpg 1920w\" sizes=\"(max-width: 800px) 100vw, 800px\" \/>\t\t\t\t\t\t\t\t\t\t\t\t\t\t\t<\/div>\n\t\t\t\t<div class=\"elementor-element elementor-element-0cc4ebf elementor-widget elementor-widget-image\" data-id=\"0cc4ebf\" data-element_type=\"widget\" data-e-type=\"widget\" data-widget_type=\"image.default\">\n\t\t\t\t\t\t\t\t\t\t\t\t\t\t\t<img loading=\"lazy\" decoding=\"async\" width=\"800\" height=\"534\" src=\"https:\/\/ginkoresto.com\/wp-content\/uploads\/2026\/04\/adobe_era-0811-1024x683.jpg\" class=\"attachment-large size-large wp-image-259\" alt=\"\" srcset=\"https:\/\/ginkoresto.com\/wp-content\/uploads\/2026\/04\/adobe_era-0811-1024x683.jpg 1024w, https:\/\/ginkoresto.com\/wp-content\/uploads\/2026\/04\/adobe_era-0811-300x200.jpg 300w, https:\/\/ginkoresto.com\/wp-content\/uploads\/2026\/04\/adobe_era-0811-768x512.jpg 768w, https:\/\/ginkoresto.com\/wp-content\/uploads\/2026\/04\/adobe_era-0811-1536x1024.jpg 1536w, https:\/\/ginkoresto.com\/wp-content\/uploads\/2026\/04\/adobe_era-0811.jpg 1920w\" sizes=\"(max-width: 800px) 100vw, 800px\" \/>\t\t\t\t\t\t\t\t\t\t\t\t\t\t\t<\/div>\n\t\t\t\t<div class=\"elementor-element elementor-element-b3651ed elementor-widget elementor-widget-image\" data-id=\"b3651ed\" data-element_type=\"widget\" data-e-type=\"widget\" data-widget_type=\"image.default\">\n\t\t\t\t\t\t\t\t\t\t\t\t\t\t\t<img loading=\"lazy\" decoding=\"async\" width=\"800\" height=\"534\" src=\"https:\/\/ginkoresto.com\/wp-content\/uploads\/2026\/04\/adobe-era_222-079-1024x683.jpg\" class=\"attachment-large size-large wp-image-250\" alt=\"\" srcset=\"https:\/\/ginkoresto.com\/wp-content\/uploads\/2026\/04\/adobe-era_222-079-1024x683.jpg 1024w, https:\/\/ginkoresto.com\/wp-content\/uploads\/2026\/04\/adobe-era_222-079-300x200.jpg 300w, https:\/\/ginkoresto.com\/wp-content\/uploads\/2026\/04\/adobe-era_222-079-768x512.jpg 768w, https:\/\/ginkoresto.com\/wp-content\/uploads\/2026\/04\/adobe-era_222-079-1536x1024.jpg 1536w, https:\/\/ginkoresto.com\/wp-content\/uploads\/2026\/04\/adobe-era_222-079.jpg 1920w\" sizes=\"(max-width: 800px) 100vw, 800px\" \/>\t\t\t\t\t\t\t\t\t\t\t\t\t\t\t<\/div>\n\t\t\t\t\t\t\t\n\t\t<img class=\"e-image-base \" \n\t\t\t\t\tdata-interaction-id=\"f622555\" \n\t\t \n\t\t data-e-type=\"widget\" data-id=\"f622555\"\n\t\t\t\t\t\t\t\t\tid=\"252\"\n\t\t\t\t\t\t\t\t\t\t\t\tsrc=\"https:\/\/ginkoresto.com\/wp-content\/uploads\/2026\/04\/adobe_era-0588.jpg\"\n\t\t\t\t\t\t\t\t\t\t\t\twidth=\"1920\"\n\t\t\t\t\t\t\t\t\t\t\t\theight=\"1280\"\n\t\t\t\t\t\t\t\t\t\t\t\tsrcset=\"https:\/\/ginkoresto.com\/wp-content\/uploads\/2026\/04\/adobe_era-0588.jpg 1920w, https:\/\/ginkoresto.com\/wp-content\/uploads\/2026\/04\/adobe_era-0588-300x200.jpg 300w, https:\/\/ginkoresto.com\/wp-content\/uploads\/2026\/04\/adobe_era-0588-1024x683.jpg 1024w, https:\/\/ginkoresto.com\/wp-content\/uploads\/2026\/04\/adobe_era-0588-768x512.jpg 768w, https:\/\/ginkoresto.com\/wp-content\/uploads\/2026\/04\/adobe_era-0588-1536x1024.jpg 1536w\"\n\t\t\t\t\t\t\t\t\t\t\t\talt=\"\"\n\t\t\t\t\t\t\/>\n\t\t\t\t\t<\/div>\n\t\t\t\t\t<\/div>\n\t\t\t\t<\/div>\n\t\t<div class=\"elementor-element elementor-element-aa6ca9a e-flex e-con-boxed e-con e-parent\" data-id=\"aa6ca9a\" data-element_type=\"container\" data-e-type=\"container\" id=\"casino\" data-settings=\"{&quot;background_background&quot;:&quot;classic&quot;}\">\n\t\t\t\t\t<div class=\"e-con-inner\">\n\t\t<div class=\"elementor-element elementor-element-47b050e e-con-full elementor-hidden-tablet elementor-hidden-mobile e-flex e-con e-child\" data-id=\"47b050e\" data-element_type=\"container\" data-e-type=\"container\">\n\t\t<div class=\"elementor-element elementor-element-102e40f e-con-full e-flex e-con e-child\" data-id=\"102e40f\" data-element_type=\"container\" data-e-type=\"container\" data-settings=\"{&quot;background_background&quot;:&quot;classic&quot;}\">\n\t\t<div class=\"elementor-element elementor-element-6598334 e-con-full e-flex e-con e-child\" data-id=\"6598334\" data-element_type=\"container\" data-e-type=\"container\">\n\t\t\t\t<div class=\"elementor-element elementor-element-4715542 elementor-widget__width-initial elementor-widget elementor-widget-image\" data-id=\"4715542\" data-element_type=\"widget\" data-e-type=\"widget\" data-widget_type=\"image.default\">\n\t\t\t\t\t\t\t\t\t\t\t\t\t\t\t<img loading=\"lazy\" decoding=\"async\" width=\"800\" height=\"282\" src=\"https:\/\/ginkoresto.com\/wp-content\/uploads\/2026\/04\/GRW_Logo_Clear-Background_Pixels_RGB_Final-01-1024x361.png\" class=\"attachment-large size-large wp-image-150\" alt=\"\" srcset=\"https:\/\/ginkoresto.com\/wp-content\/uploads\/2026\/04\/GRW_Logo_Clear-Background_Pixels_RGB_Final-01-1024x361.png 1024w, https:\/\/ginkoresto.com\/wp-content\/uploads\/2026\/04\/GRW_Logo_Clear-Background_Pixels_RGB_Final-01-300x106.png 300w, https:\/\/ginkoresto.com\/wp-content\/uploads\/2026\/04\/GRW_Logo_Clear-Background_Pixels_RGB_Final-01-768x271.png 768w, https:\/\/ginkoresto.com\/wp-content\/uploads\/2026\/04\/GRW_Logo_Clear-Background_Pixels_RGB_Final-01.png 1275w\" sizes=\"(max-width: 800px) 100vw, 800px\" \/>\t\t\t\t\t\t\t\t\t\t\t\t\t\t\t<\/div>\n\t\t\t\t<\/div>\n\t\t<div class=\"elementor-element elementor-element-a615bd9 e-con-full e-flex e-con e-child\" data-id=\"a615bd9\" data-element_type=\"container\" data-e-type=\"container\">\n\t\t\t\t<div class=\"elementor-element elementor-element-6daad1e elementor-align-justify elementor-widget elementor-widget-button\" data-id=\"6daad1e\" data-element_type=\"widget\" data-e-type=\"widget\" data-widget_type=\"button.default\">\n\t\t\t\t\t\t\t\t\t\t<a class=\"elementor-button elementor-button-link elementor-size-sm\" href=\"https:\/\/grandroyalwolinak.com\/\">\n\t\t\t\t\t\t<span class=\"elementor-button-content-wrapper\">\n\t\t\t\t\t\t\t\t\t<span class=\"elementor-button-text\">En savoir plus<\/span>\n\t\t\t\t\t<\/span>\n\t\t\t\t\t<\/a>\n\t\t\t\t\t\t\t\t<\/div>\n\t\t\t\t<\/div>\n\t\t\t\t<\/div>\n\t\t<div class=\"elementor-element elementor-element-03f804b e-con-full e-flex e-con e-child\" data-id=\"03f804b\" data-element_type=\"container\" data-e-type=\"container\" data-settings=\"{&quot;background_background&quot;:&quot;classic&quot;}\">\n\t\t<div class=\"elementor-element elementor-element-d92d1dc e-con-full e-flex e-con e-child\" data-id=\"d92d1dc\" data-element_type=\"container\" data-e-type=\"container\">\n\t\t\t\t<div class=\"elementor-element elementor-element-8f4d1b6 elementor-widget__width-initial elementor-widget elementor-widget-image\" data-id=\"8f4d1b6\" data-element_type=\"widget\" data-e-type=\"widget\" data-widget_type=\"image.default\">\n\t\t\t\t\t\t\t\t\t\t\t\t\t\t\t<img loading=\"lazy\" decoding=\"async\" width=\"800\" height=\"240\" src=\"https:\/\/ginkoresto.com\/wp-content\/uploads\/2026\/04\/BetGRW_Logo_Dark-Background_Pixels_RGB_Final-01-1024x307.png\" class=\"attachment-large size-large wp-image-152\" alt=\"\" srcset=\"https:\/\/ginkoresto.com\/wp-content\/uploads\/2026\/04\/BetGRW_Logo_Dark-Background_Pixels_RGB_Final-01-1024x307.png 1024w, https:\/\/ginkoresto.com\/wp-content\/uploads\/2026\/04\/BetGRW_Logo_Dark-Background_Pixels_RGB_Final-01-300x90.png 300w, https:\/\/ginkoresto.com\/wp-content\/uploads\/2026\/04\/BetGRW_Logo_Dark-Background_Pixels_RGB_Final-01-768x230.png 768w, https:\/\/ginkoresto.com\/wp-content\/uploads\/2026\/04\/BetGRW_Logo_Dark-Background_Pixels_RGB_Final-01.png 1500w\" sizes=\"(max-width: 800px) 100vw, 800px\" \/>\t\t\t\t\t\t\t\t\t\t\t\t\t\t\t<\/div>\n\t\t\t\t<\/div>\n\t\t<div class=\"elementor-element elementor-element-dfbed75 e-con-full e-flex e-con e-child\" data-id=\"dfbed75\" data-element_type=\"container\" data-e-type=\"container\">\n\t\t\t\t<div class=\"elementor-element elementor-element-f339d33 elementor-align-justify elementor-widget elementor-widget-button\" data-id=\"f339d33\" data-element_type=\"widget\" data-e-type=\"widget\" data-widget_type=\"button.default\">\n\t\t\t\t\t\t\t\t\t\t<a class=\"elementor-button elementor-button-link elementor-size-sm\" href=\"https:\/\/www.betgrw.com\/fr\/online-casino\/popular\">\n\t\t\t\t\t\t<span class=\"elementor-button-content-wrapper\">\n\t\t\t\t\t\t\t\t\t<span class=\"elementor-button-text\">En savoir plus<\/span>\n\t\t\t\t\t<\/span>\n\t\t\t\t\t<\/a>\n\t\t\t\t\t\t\t\t<\/div>\n\t\t\t\t<\/div>\n\t\t\t\t<\/div>\n\t\t\t\t<\/div>\n\t\t<div class=\"elementor-element elementor-element-b003a5d e-con-full elementor-hidden-desktop e-flex e-con e-child\" data-id=\"b003a5d\" data-element_type=\"container\" data-e-type=\"container\">\n\t\t<div class=\"elementor-element elementor-element-049cd56 e-con-full e-flex e-con e-child\" data-id=\"049cd56\" data-element_type=\"container\" data-e-type=\"container\" data-settings=\"{&quot;background_background&quot;:&quot;classic&quot;}\">\n\t\t\t\t<div class=\"elementor-element elementor-element-6668933 elementor-align-justify elementor-widget-tablet__width-initial elementor-widget elementor-widget-button\" data-id=\"6668933\" data-element_type=\"widget\" data-e-type=\"widget\" data-widget_type=\"button.default\">\n\t\t\t\t\t\t\t\t\t\t<a class=\"elementor-button elementor-button-link elementor-size-sm\" href=\"https:\/\/grandroyalwolinak.com\/\">\n\t\t\t\t\t\t<span class=\"elementor-button-content-wrapper\">\n\t\t\t\t\t\t\t\t\t<span class=\"elementor-button-text\">En savoir plus<\/span>\n\t\t\t\t\t<\/span>\n\t\t\t\t\t<\/a>\n\t\t\t\t\t\t\t\t<\/div>\n\t\t\t\t<\/div>\n\t\t<div class=\"elementor-element elementor-element-dd10f46 e-con-full e-flex e-con e-child\" data-id=\"dd10f46\" data-element_type=\"container\" data-e-type=\"container\" data-settings=\"{&quot;background_background&quot;:&quot;classic&quot;}\">\n\t\t\t\t<div class=\"elementor-element elementor-element-3ad9b8b elementor-align-justify elementor-widget-tablet__width-initial elementor-widget elementor-widget-button\" data-id=\"3ad9b8b\" data-element_type=\"widget\" data-e-type=\"widget\" data-widget_type=\"button.default\">\n\t\t\t\t\t\t\t\t\t\t<a class=\"elementor-button elementor-button-link elementor-size-sm\" href=\"https:\/\/www.betgrw.com\/fr\/online-casino\/popular\">\n\t\t\t\t\t\t<span class=\"elementor-button-content-wrapper\">\n\t\t\t\t\t\t\t\t\t<span class=\"elementor-button-text\">En savoir plus<\/span>\n\t\t\t\t\t<\/span>\n\t\t\t\t\t<\/a>\n\t\t\t\t\t\t\t\t<\/div>\n\t\t\t\t<\/div>\n\t\t\t\t<\/div>\n\t\t\t\t\t<\/div>\n\t\t\t\t<\/div>\n\t\t\t\t<\/div>\n\t\t","protected":false},"excerpt":{"rendered":"<p>Bienvenue au Ginko Resto Bar Menu Carte des alcools ESTD. 2022 Le Ginko Resto Bar Situ\u00e9 \u00e0 l\u2019\u00e9tage du Grand Royal W\u00f4linak, le Ginko Resto Bar vous offre une exp\u00e9rience gustative enivrante vous permettant de vous impr\u00e9gner du d\u00e9cor \u00e9l\u00e9gant et de l\u2019ambiance exaltante du casino. La carte de notre restaurant \u00e0 th\u00e8me franco-italien-m\u00e9diterran\u00e9en regorge [&hellip;]<\/p>\n","protected":false},"author":1,"featured_media":0,"parent":0,"menu_order":0,"comment_status":"closed","ping_status":"closed","template":"","meta":{"footnotes":""},"class_list":["post-7","page","type-page","status-publish","hentry"],"_links":{"self":[{"href":"https:\/\/ginkoresto.com\/index.php?rest_route=\/wp\/v2\/pages\/7","targetHints":{"allow":["GET"]}}],"collection":[{"href":"https:\/\/ginkoresto.com\/index.php?rest_route=\/wp\/v2\/pages"}],"about":[{"href":"https:\/\/ginkoresto.com\/index.php?rest_route=\/wp\/v2\/types\/page"}],"author":[{"embeddable":true,"href":"https:\/\/ginkoresto.com\/index.php?rest_route=\/wp\/v2\/users\/1"}],"replies":[{"embeddable":true,"href":"https:\/\/ginkoresto.com\/index.php?rest_route=%2Fwp%2Fv2%2Fcomments&post=7"}],"version-history":[{"count":164,"href":"https:\/\/ginkoresto.com\/index.php?rest_route=\/wp\/v2\/pages\/7\/revisions"}],"predecessor-version":[{"id":408,"href":"https:\/\/ginkoresto.com\/index.php?rest_route=\/wp\/v2\/pages\/7\/revisions\/408"}],"wp:attachment":[{"href":"https:\/\/ginkoresto.com\/index.php?rest_route=%2Fwp%2Fv2%2Fmedia&parent=7"}],"curies":[{"name":"wp","href":"https:\/\/api.w.org\/{rel}","templated":true}]}}